3 (base 5) in base 14?
-1b3
What is -10110011 (base 2) in base 6?
-455
17dc (base 14) to base 6
31542
Convert -1925 (base 10) to base 16.
-785
Convert -1010000011010101 (base 2) to base 11.
-28a30
-1768 (base 11) to base 3
-10002102
Convert 101102222 (base 3) to base 6.
55125
What is 2e0 (base 16) in base 7?
2101
What is 10b1 (base 13) in base 14?
bd3
What is 1011001011111 (base 2) in base 12?
3393
20231321 (base 4) to base 12
187b5
What is 67 (base 16) in base 2?
1100111
-4e9 (base 15) to base 6
-5103
What is -66652 (base 10) in base 14?
-1a40c
Convert 1001111 (base 2) to base 8.
117
1101101110 (base 2) to base 12
612
What is -266 (base 9) in base 13?
-141
-27 (base 15) to base 3
-1101
What is 2022a (base 11) in base 8?
71564
Convert -b6c (base 15) to base 9.
-3473
Convert 2b2 (base 13) to base 5.
3413
Convert -63842 (base 9) to base 11.
-2980a
What is -1001101100 (base 2) in base 4?
-21230
What is -7563 (base 13) in base 12?
-9529
-101101111011 (base 2) to base 3
-11000212
-94d8 (base 16) to base 5
-2204404
-4233 (base 8) to base 7
-6265
Convert -6146 (base 8) to base 14.
-122a
What is -10012 (base 3) in base 13?
-68
What is -2162 (base 13) in base 9?
-6328
Convert -200a (base 16) to base 12.
-48b6
-191c (base 13) to base 7
-13625
7a79 (base 16) to base 9
47006
What is -199 (base 15) in base 11?
-306
79b (base 15) to base 8
3271
Convert -446 (base 10) to base 3.
-121112
What is 645 (base 12) in base 2?
1110010101
Convert 72 (base 11) to base 6.
211
Convert 11000001100101 (base 2) to base 6.
133205
What is -631 (base 14) in base 2?
-10011000011
What is 2188 (base 15) in base 3?
100202002
540 (base 12) to base 2
1100000000
What is 21355 (base 6) in base 10?
2951
Convert -4314241 (base 5) to base 13.
-2734b
bc (base 13) to base 12
10b
What is 10111001100 (base 2) in base 6?
10512
Convert 1a3 (base 12) to base 10.
267
-301 (base 6) to base 14
-7b
What is 243441 (base 5) in base 2?
10010000011110
517 (base 8) to base 5
2320
What is -3336 (base 10) in base 2?
-110100001000
What is 211 (base 14) in base 15?
1c2
What is 1002000 (base 3) in base 13?
483
-111011010101101 (base 2) to base 5
-1433011
-131023 (base 5) to base 11
-3951
What is 1363 (base 7) in base 13?
322
What is 34366 (base 7) in base 5?
240040
What is -2b5 (base 13) in base 4?
-13212
c21b (base 14) to base 10
33345
-2882 (base 9) to base 6
-14032
-e3 (base 16) to base 9
-272
Convert 11414 (base 6) to base 13.
9b2
-100011 (base 3) to base 12
-187
Convert bbb2 (base 16) to base 9.
72818
Convert -10101101 (base 2) to base 13.
-104
2dcc (base 15) to base 5
303432
Convert 9b (base 14) to base 10.
137
What is -700 (base 16) in base 8?
-3400
-32175 (base 9) to base 10
-21290
Convert -34c1 (base 16) to base 3.
-200112012
What is -21796 (base 10) in base 4?
-11110210
What is 12082 (base 11) in base 9?
25765
-206223 (base 7) to base 16
-8bcb
-210122 (base 4) to base 15
-a55
What is -2406 (base 10) in base 4?
-211212
Convert -5de (base 16) to base 13.
-8b7
Convert -426 (base 7) to base 11.
-187
What is -141450 (base 6) in base 10?
-13350
What is -387 (base 9) in base 5?
-2242
Convert 13410 (base 8) to base 7.
23122
319b (base 13) to base 7
26040
1c8 (base 14) to base 16
174
-13221 (base 4) to base 11
-405
Convert -14706 (base 8) to base 9.
-10041
What is 21400 (base 6) in base 12?
1860
Convert 1401 (base 9) to base 4.
100132
14165 (base 10) to base 6
145325
Convert 932 (base 15) to base 14.
a80
Convert 1120110 (base 3) to base 7.
3225
What is 1022000 (base 4) in base 3?
20111102
What is 152015 (base 7) in base 15?
8b25
Convert -2211110 (base 3) to base 14.
-a76
Convert -177a4 (base 14) to base 10.
-59140
What is 6061 (base 8) in base 5?
44441
What is b9a (base 12) in base 16?
6a6
-15c5 (base 15) to base 10
-4685
Convert 223103 (base 6) to base 14.
6c11
What is 6753 (base 14) in base 2?
100010111110101
-10000001100 (base 2) to base 13
-619
What is -4448 (base 15) in base 5?
-430333
What is -2133 (base 5) in base 6?
-1205
8db (base 16) to base 15
a12
What is -23310 (base 4) in base 12?
-530
Convert -37 (base 13) to base 16.
-2e
Convert 4172 (base 11) to base 7.
22051
212144 (base 5) to base 11
5432
1c11 (base 15) to base 4
1133023
Convert -7762 (base 8) to base 13.
-1b20
What is -10171 (base 8) in base 7?
-15203
Convert 1530 (base 6) to base 15.
1c9
What is 19146 (base 10) in base 15?
5a16
Convert -23034 (base 5) to base 13.
-996
Convert -934 (base 13) to base 12.
-aa4
What is 38674 (base 9) in base 15?
7acd
What is 1101111100011 (base 2) in base 12?
416b
-301 (base 11) to base 16
-16c
Convert 131530 (base 6) to base 8.
27456
-23a (base 13) to base 14
-1d9
What is -864 (base 15) in base 10?
-1894
Convert -24 (base 11) to base 6.
-42
Convert -65005 (base 8) to base 10.
-27141
What is -1031432 (base 5) in base 11?
-1236a
-10435 (base 8) to base 3
-20000021
What is 1cb4 (base 15) in base 8?
14144
Convert -85688 (base 9) to base 10.
-56699
Convert -25b1 (base 15) to base 12.
-47a1
Convert 210331 (base 4) to base 2.
100100111101
What is 212321 (base 4) in base 12?
1535
Convert 99 (base 14) to base 9.
160
What is 102211 (base 6) in base 12?
4967
-336 (base 16) to base 8
-1466
What is 11000100011000 (base 2) in base 9?
18214
Convert 2590 (base 10) to base 2.
101000011110
1a6 (base 15) to base 9
463
-13355 (base 9) to base 8
-21521
What is 3571 (base 10) in base 16?
df3
What is -20b61 (base 13) in base 8?
-163264
-20 (base 15) to base 9
-33
What is -58505 (base 9) in base 5?
-2222142
Convert -17aa (base 11) to base 16.
-8fa
471 (base 15) to base 8
1756
2cc6 (base 13) to base 9
10025
-1628 (base 11) to base 12
-125b
What is 8e8 (base 15) in base 5?
31033
-849 (base 12) to base 10
-1209
Convert -4257 (base 15) to base 4.
-3123100
What is 73 (base 15) in base 3?
11000
What is 101223 (base 4) in base 5?
14011
Convert 12461 (base 10) to base 6.
133405
What is 56b (base 14) in base 10?
1075
What is -d80 (base 15) in base 10?
-3045
1102024 (base 5) to base 14
6d02
Convert 75b (base 13) to base 6.
5455
What is -432434 (base 6) in base 12?
-1871a
What is -10405 (base 6) in base 3?
-1222112
Convert -1000000001011 (base 2) to base 3.
-12122010
2a72 (base 16) to base 8
25162
What is -44240 (base 5) in base 13?
-1522
1428 (base 11) to base 7
5244
1110111001110 (base 2) to base 13
361c
Convert 433134 (base 5) to base 12.
868a
What is 111010 (base 2) in base 10?
58
What is 172 (base 12) in base 10?
230
Convert -111010101 (base 2) to base 6.
-2101
Convert -49b2 (base 12) to base 7.
-33215
Convert -b12 (base 14) to base 9.
-2873
24512 (base 6) to base 12
2138
What is -1972 (base 16) in base 8?
-14562
1774 (base 8) to base 11
848
What is 12c04 (base 13) in base 12?
182b7
-1220020112 (base 3) to base 4
-21013223
What is 13720 (base 8) in base 11?
4642
What is -1111101000110 (base 2) in base 8?
-17506
107006 (base 8) to base 10
36358
Convert 110011 (base 2) to base 15.
36
-488 (base 10) to base 3
-200002
Convert 213310 (base 4) to base 5.
40143
What is 13331 (base 4) in base 2?
111111101
Convert 2501 (base 11) to base 12.
1a84
Convert -10001110010 (base 2) to base 13.
-697
What is 32ad (base 16) in base 3?
122210111
Convert 3912 (base 15) to base 11.
9161
What is -9c1 (base 13) in base 11?
-1296
Convert 22 (base 10) to base 13.
19
What is -1111222 (base 4) in base 8?
-12552
What is -10433 (base 10) in base 6?
-120145
Convert 6a5 (base 13) to base 3.
1120120
Convert -20584 (base 9) to base 5.
-413403
Convert -561 (base 9) to base 13.
-295
-60a (base 15) to base 7
-3652
Convert 330 (base 5) to base 9.
110
Convert -16e (base 16) to base 3.
-111120
716 (base 8) to base 14
250
What is 39635 (base 10) in base 12?
1ab2b
Convert 1001110010 (base 2) to base 13.
392
1987 (base 12) to base 4
300313
-5544 (base 10) to base 12
-3260
Convert 4750 (base 8) to base 12.
1574
Convert 21067 (base 9) to base 8.
33130
-4729 (base 13) to base 14
-390a
-13140 (base 6) to base 11
-1562
Convert -167257 (base 8) to base 2.
-1110111010101111
What is -1000210220 (base 3) in base 10?
-20274
-210102101 (base 3) to base 15
-4961
What is 246526 (base 7) in base 8?
130745
What is 105310 (base 6) in base 13?
4110
Convert -793 (base 12) to base 4.
-101133
Convert 141232 (base 5) to base 13.
2856
-3bb (base 16) to base 12
-677
-6 (base 16) to base 15
-6
-6